3
What is the remainder when 41742931 is divided by 433?
432
What is the remainder when 1046232 is divided by 149458?
26
What is the remainder when 67329 is divided by 1922?
59
What is the remainder when 55508221 is divided by 5745?
31
What is the remainder when 684380 is divided by 295?
275
What is the remainder when 810380 is divided by 404931?
518
What is the remainder when 185454 is divided by 29473?
8616
What is the remainder when 62440 is divided by 53319?
9121
What is the remainder when 69953078 is divided by 969?
968
Calculate the remainder when 736000 is divided by 369.
214
What is the remainder when 1530864 is divided by 12054?
6
What is the remainder when 58508409 is divided by 16?
9
Calculate the remainder when 69645 is divided by 13929.
0
Calculate the remainder when 113546281 is divided by 211.
7
What is the remainder when 32229078 is divided by 346548?
114
What is the remainder when 46939 is divided by 22736?
1467
What is the remainder when 2099798 is divided by 42?
8
Calculate the remainder when 50952 is divided by 11970.
3072
Calculate the remainder when 148988612 is divided by 147.
143
Calculate the remainder when 1328393 is divided by 201.
185
Calculate the remainder when 60922305 is divided by 1438.
1435
What is the remainder when 423119 is divided by 4189?
30
What is the remainder when 61958404 is divided by 9231?
9163
What is the remainder when 179345 is divided by 2207?
578
Calculate the remainder when 7970232 is divided by 4810.
62
Calculate the remainder when 302661 is divided by 1218.
597
Calculate the remainder when 323576 is divided by 7736.
6400
What is the remainder when 13386 is divided by 1346?
1272
Calculate the remainder when 35448 is divided by 551.
184
What is the remainder when 12081881 is divided by 139?
1
Calculate the remainder when 16665353 is divided by 378758.
1
What is the remainder when 314839 is divided by 1702?
1671
What is the remainder when 1122675 is divided by 36215?
10
Calculate the remainder when 35240488 is divided by 14.
10
Calculate the remainder when 18385758 is divided by 66615.
18
What is the remainder when 40252794 is divided by 6708799?
0
Calculate the remainder when 35914173 is divided by 190.
183
What is the remainder when 22014501 is divided by 5213?
2
What is the remainder when 466960660 is divided by 3122?
3120
Calculate the remainder when 1337024 is divided by 1617.
1382
What is the remainder when 1143006 is divided by 9361?
964
Calculate the remainder when 68906304 is divided by 191.
189
Calculate the remainder when 926759 is divided by 672.
71
What is the remainder when 144308 is divided by 11094?
86
Calculate the remainder when 4804143677 is divided by 32.
29
What is the remainder when 80864871 is divided by 11375?
11371
What is the remainder when 349274 is divided by 1180?
1174
Calculate the remainder when 17749134 is divided by 633893.
130
Calculate the remainder when 346077009 is divided by 12066.
12063
What is the remainder when 44377 is divided by 2117?
2037
Calculate the remainder when 66952 is divided by 2161.
2122
Calculate the remainder when 329559 is divided by 14291.
866
What is the remainder when 423401777 is divided by 211700884?
9
Calculate the remainder when 871730 is divided by 2931.
1223
Calculate the remainder when 72045098 is divided by 422.
414
Calculate the remainder when 35627 is divided by 11352.
1571
Calculate the remainder when 1396097 is divided by 348.
269
Calculate the remainder when 18037351 is divided by 77.
24
What is the remainder when 2769567 is divided by 56?
31
What is the remainder when 9777967 is divided by 1570?
7
Calculate the remainder when 4948649 is divided by 366.
329
Calculate the remainder when 593731 is divided by 1197.
19
Calculate the remainder when 6408892 is divided by 1068146.
16
Calculate the remainder when 1198836 is divided by 66602.
0
What is the remainder when 3252724 is divided by 141?
136
Calculate the remainder when 46868718 is divided by 46.
8
What is the remainder when 3022619 is divided by 5358?
707
What is the remainder when 14042949 is divided by 533?
531
Calculate the remainder when 63619 is divided by 15714.
763
Calculate the remainder when 9130881 is divided by 115.
111
Calculate the remainder when 72931845 is divided by 64.
5
What is the remainder when 23675560 is divided by 23675555?
5
Calculate the remainder when 5281753 is divided by 447.
1
Calculate the remainder when 63397 is divided by 544.
293
Calculate the remainder when 29983 is divided by 636.
91
Calculate the remainder when 1487201 is divided by 424.
233
What is the remainder when 21898212 is divided by 2626?
2624
Calculate the remainder when 24350 is divided by 23226.
1124
Calculate the remainder when 6602072 is divided by 257.
256
What is the remainder when 408528 is divided by 114?
66
What is the remainder when 59106 is divided by 74?
54
What is the remainder when 209007 is divided by 1284?
999
Calculate the remainder when 30262 is divided by 30200.
62
What is the remainder when 4099910 is divided by 757?
755
What is the remainder when 4422459 is divided by 31588?
139
What is the remainder when 54650 is divided by 552?
2
Calculate the remainder when 783544 is divided by 261048.
400
Calculate the remainder when 156531 is divided by 21590.
5401
Calculate the remainder when 78994856 is divided by 588.
584
Calculate the remainder when 14833 is divided by 244.
193
What is the remainder when 4014523 is divided by 645?
43
Calculate the remainder when 35169523 is divided by 225.
223
What is the remainder when 118246656 is divided by 40?
16
What is the remainder when 118749 is divided by 14731?
901
What is the remainder when 251379 is divided by 251294?
85
Calculate the remainder when 4377205 is divided by 1458940.
385
What is the remainder when 83116 is divided by 311?
79
What is the remainder when 1855503 is divided by 386?
1
What is the remainder when 7375569 is divided by 18?
15
Calculate the remainder when 29944815 is divided by 3037.
3032
Calculate the remainder when 640632 is divided by 14212.
1092
What is the remainder when 1314533 is divided by 328629?
17
What is the remainder when 1147064 is divided by 382322?
98
Calculate the remainder when 1410323 is divided by 470097.
32
What is the remainder when 1452329 is divided by 354?
221
What is the remainder when 249737 is divided by 908?
37
What is the remainder when 319761 is divided by 317?
225
Calculate the remainder when 208738 is divided by 261.
199
What is the remainder when 2902844 is divided by 3352?
12
What is the remainder when 2741899 is divided by 66?
61
Calculate the remainder when 392790 is divided by 43631.
111
Calculate the remainder when 3825950 is divided by 93.
23
What is the remainder when 202089 is divided by 142?
23
What is the remainder when 702539 is divided by 350883?
773
Calculate the remainder when 537154 is divided by 19174.
282
Calculate the remainder when 4549400 is divided by 909875.
25
Calculate the remainder when 15174 is divided by 7536.
102
Calculate the remainder when 235169 is divided by 188.
169
What is the remainder when 158825 is divided by 272?
249
Calculate the remainder when 8307545 is divided by 1194.
887
What is the remainder when 14210634 is divided by 406017?
39
Calculate the remainder when 10670 is divided by 762.
2
Calculate the remainder when 216429 is divided by 338.
109
What is the remainder when 37293820 is divided by 116543?
60
What is the remainder when 55498376 is divided by 33?
32
Calculate the remainder when 98409911 is divided by 24602476.
7
What is the remainder when 922790 is divided by 30759?
20
What is the remainder when 25581 is divided by 3653?
10
What is the remainder when 2140471 is divided by 37552?
7
What is the remainder when 741813 is divided by 148270?
463
What is the remainder when 50880260 is divided by 1089?
2
What is the remainder when 4846370 is divided by 946?
12
What is the remainder when 1075651 is divided by 2?
1
Calculate the remainder when 10343158 is divided by 6017.
5952
Calculate the remainder when 176759 is divided by 407.
121
Calculate the remainder when 5789648 is divided by 1093.
27
Calculate the remainder when 23438986 is divided by 57029.
67
What is the remainder when 79621 is divided by 796?
21
What is